x**2 + 155*x + 8872. Calculate z(-25).
-3
Let v(b) = b**3 - 28*b**2 + 177*b - 3324. What is v(26)?
-74
Let f(y) = -528*y**2 + 171599*y + 266. What is f(325)?
-59
Let g(d) = -2884*d + 34578. What is g(12)?
-30
Let g(j) = -11*j + 259. Give g(29).
-60
Let j(w) = 90419*w + 542495. Calculate j(-6).
-19
Let w(t) = -230*t**2 + 99*t - 30. Give w(1).
-161
Let p(u) = 9*u**2 - 143*u + 304. What is p(6)?
-230
Let g(t) = 260402*t - 2083209. What is g(8)?
7
Let f(m) = -m**3 + 12*m**2 + 162*m - 2006. Give f(13).
-69
Let u(q) = -q**2 + 12*q - 137. Determine u(8).
-105
Let o(t) = 234*t**2 - 7046*t + 751. What is o(30)?
-29
Let y(z) = 145*z - 7506. Calculate y(42).
-1416
Let p(z) = 157376*z + 314733. Calculate p(-2).
-19
Let d(s) = 326*s**2 + 1599*s + 21. Determine d(-5).
176
Let m(h) = -18188*h - 145534. Determine m(-8).
-30
Let u(o) = -o**2 - 11*o + 1250. Determine u(0).
1250
Let a(o) = -27*o**2 - 4360*o - 18990. What is a(-157)?
7
Let m(v) = -v**3 - 65*v + 153. Determine m(2).
15
Let a(x) = x**3 - 148*x**2 + 70*x + 11334. What is a(147)?
15
Let n(j) = 64*j**2 - 244*j + 687. Give n(3).
531
Let n(p) = -9*p**2 - 8529*p + 1414794. Calculate n(144).
-6
Let c(r) = 56*r**3 - 2906*r**2 - 307*r - 247. Give c(52).
13
Let x(m) = 9*m**3 + 1576*m**2 + 55*m - 20876. Calculate x(-175).
124
Let i(h) = 60381*h + 3139811. What is i(-52)?
-1
Let t(x) = -x**3 + 3*x**2 - 1378*x + 17810. Calculate t(12).
-22
Let h(m) = 438*m + 6327. Determine h(-12).
1071
Let f(w) = 2164*w**2 - 45438*w - 120. Calculate f(21).
6
Let h(s) = -257668*s - 3865028. Give h(-15).
-8
Let i(c) = c**3 + 34*c**2 + 8827*c - 209630. Determine i(21).
-8
Let h(o) = 57*o**2 + 658*o - 334. Give h(-12).
-22
Let j(o) = -1694*o + 59270. What is j(35)?
-20
Let a(d) = 3532*d - 49456. Determine a(14).
-8
Let p(u) = -u**3 - 28*u**2 - 17*u - 52. Calculate p(-3).
-226
Let b(s) = s**3 + 56*s**2 + 780*s + 8087. Determine b(-42).
23
Let p(w) = -326*w - 4735. Give p(-16).
481
Let q(t) = 3180*t - 1227497. Calculate q(386).
-17
Let m(w) = -w**3 + 19*w**2 + 3750*w - 74575. Determine m(20).
25
Let q(j) = -19*j**3 - 6*j**2 - 450*j - 459. Give q(-1).
4
Let g(q) = 2*q**3 - 195*q**2 + 1339*q - 228. Calculate g(90).
-1218
Let g(z) = 4438724*z - 1. Calculate g(0).
-1
Let a(i) = 11441756*i - 68650533. Calculate a(6).
3
Let c(o) = o**2 + 46237*o + 92458. Determine c(-2).
-12
Let j(q) = -47*q**3 - 253*q**2 + 2*q + 24. What is j(-6)?
1056
Let z(a) = -a**3 - 37*a**2 - 121*a - 1324. Determine z(-34).
-678
Let h(w) = w**3 + 162*w**2 - 522*w - 4448. Determine h(-165).
7
Let j(a) = 404*a + 970. Determine j(-3).
-242
Let x(y) = 3*y**2 + 15430*y - 30869. What is x(2)?
3
Let r(m) = 6188*m - 43414. What is r(7)?
-98
Let o(f) = -19907*f + 517557. Calculate o(26).
-25
Let j(n) = n**3 + 445*n**2 + 39428*n + 7121. Calculate j(-323).
15
Let x(o) = -1162*o + 1631. What is x(0)?
1631
Let k(s) = 29*s**3 - 577*s**2 - 146*s + 1664. Determine k(20).
-56
Let a(f) = -360*f - 1405. What is a(-7)?
1115
Let y(m) = -m**2 - 72*m - 1247. Calculate y(-18).
-275
Let h(w) = -w**3 + 148*w**2 - 55*w - 13512. Determine h(147).
12
Let g(p) = 25*p**3 + 8*p**2 + 10*p + 5. Calculate g(-1).
-22
Let n(v) = -4227*v + 274754. Determine n(65).
-1
Let o(z) = -17*z**3 + 374*z**2 + 679*z - 14913. Give o(22).
25
Let y(v) = 2*v**2 + 62964*v - 692838. Give y(11).
8
Let y(j) = -3*j**2 + 742681*j - 3713346. Determine y(5).
-16
Let p(r) = 3*r**2 - 455511*r + 2732953. What is p(6)?
-5
Let l(h) = h**2 + 6868*h - 213869. What is l(31)?
0
Let s(j) = j**3 - 107*j**2 - 174*j - 4058. Determine s(109).
738
Let l(c) = -94*c**2 - 27067*c + 1458. What is l(-288)?
18
Let x(j) = -j**2 + 277864*j - 833580. Determine x(3).
3
Let y(v) = -2*v**3 - 129*v**2 - 143*v - 5031. Give y(-64).
25
Let i(n) = 55328*n + 165966. Calculate i(-3).
-18
Let m(p) = -20*p + 1433. What is m(74)?
-47
Let z(b) = b**3 + 27*b**2 - 42*b + 209. Give z(-29).
-255
Let u(y) = -2*y**3 - 134*y**2 - 122*y + 3027. Determine u(-66).
2367
Let v(m) = -m**3 + 225*m**2 - 221*m - 440. Calculate v(224).
232
Let z(y) = -2*y**3 + 120*y**2 + 10*y + 726. What is z(60)?
1326
Let c(o) = -3*o**3 - 16*o**2 + 81*o + 152. Calculate c(8).
-1760
Let y(a) = -a**3 - 101*a**2 + 212*a + 474. Determine y(-103).
-144
Let j(v) = 37373*v - 747462. Give j(20).
-2
Let z(o) = -o**3 - 123*o**2 - 1693*o + 2033. Give z(-107).
0
Let u(d) = 18*d**3 + 18*d**2 - 542*d - 4. Calculate u(5).
-14
Let d(j) = 27*j**2 + 1753*j - 3513. Determine d(2).
101
Let i(a) = -2*a**3 + 38*a**2 - 139*a - 113. Give i(7).
90
Let p(l) = -447429*l + 2684577. Determine p(6).
3
Let f(a) = -32*a**3 - 1069*a**2 - 424*a + 113. What is f(-33)?
-52
Let h(y) = 7*y**2 + 564*y - 2661. What is h(-85)?
-26
Let m(b) = 2*b**3 - 79*b**2 - 136*b + 322. Calculate m(-3).
-35
Let f(y) = 108*y + 10380. Calculate f(-98).
-204
Let f(r) = -r**3 - 21*r**2 + 17*r + 1444. Give f(-17).
-1
Let x(c) = -44*c**2 - 9969*c + 4343. Calculate x(-227).
30
Let p(f) = 19*f**3 - 2*f**2 + 27632*f + 27632. Determine p(-1).
-21
Let k(d) = 1978*d + 765475. What is k(-387)?
-11
Let i(m) = -9123*m - 355801. Determine i(-39).
-4
Let t(f) = 40*f**2 - 6770*f + 809. What is t(169)?
-881
Let p(k) = -134085*k + 670486. Determine p(5).
61
Let j(p) = 690*p + 24569. Calculate j(-36).
-271
Let x(f) = -59*f**2 + 3889*f + 45. Determine x(66).
-285
Let n(j) = 84*j**2 - 3337*j - 924. Give n(40).
-4
Let k(n) = 200*n**2 - 3067*n - 55461. Determine k(26).
-3
Let d(f) = -103*f**3 + 4*f**2 - 18*f + 26. What is d(2)?
-818
Let p(w) = 13873*w - 5785073. Calculate p(417).
-32
Let s(k) = -k**3 - 23*k**2 - 105*k - 129. What is s(-3)?
6
Let b(x) = -5*x**3 + 249*x**2 + 79*x + 851. Give b(50).
2301
Let t(a) = 5*a**3 - 659*a**2 + 5518*a - 9. Determine t(9).
-81
Let m(h) = -3*h**2 + 36*h - 43. What is m(19)?
-442
Let l(u) = -2*u**3 - 274*u**2 + 333*u + 7870. Determine l(-138).
4
Let a(t) = -223*t**2 + 52629*t - 402. Calculate a(236).
-166
Let o(c) = -5*c**2 - 3157*c + 28928. Determine o(9).
110
Let w(n) = 151692*n + 910100. What is w(-6)?
-52
Let o(k) = -2*k**3 + 423*k**2 + 745*k - 22631. Calculate o(213).
-53
Let s(x) = -38*x**2 + 20489*x + 16772. Give s(540).
32
Let x(j) = 70486*j + 634363. Calculate x(-9).
-11
Let y(z) = 181*z + 6229. Determine y(-39).
-830
Let v(q) = -38609*q + 10115556. Give v(262).
-2
Let m(c) = 35*c**2 + 164*c - 925. What is m(6)?
1319
Let f(a) = -13*a**2 + 361*a - 1969. Give f(11).
429
Let z(w) = w**3 + 226*w**2 + 8011*w + 1307. Give z(-182).
761
Let x(j) = -134333*j + 4835979. Determine x(36).
-9
Let u(g) = -4*g**3 - 517*g + 1046. Determine u(2).
-20
Let l(k) = 144*k**3 - 3*k**2 - 65*k - 63. Calculate l(-1).
-145
Let s(w) = w**3 + 32*w**2 + 122*w - 1173. Determine s(-25).
152
Let g(m) = 2*m**2 - 1004*m + 12711. What is g(13)?
-3
Let c(b) = -4*b**2 + 69*b - 260. What is c(11)?
15
Let b(q) = -662*q**2 - 14*q + 18. Determine b(0).
18
Let d(z) = -18372*z + 1947441. Determine d(106).
9
Let v(n) = -746*n - 11735. What is v(-16)?
201
Let v(s) = -5652*s - 661289. What is v(-117)?
-5
Let j(g) = -g**3 - 72*g**2 - 1259*g - 53. What is j(-30)?
-83
Let r(v) = -v**2 - 649*v - 19170. What is r(-31)?
-12
Let p(f) = -26*f**2 + 239*f + 208. Determine p(10).
-2
Let y(i) = -73063*i + 1534344. What is y(21)?
21
Let t(f) = 97*f - 7683. Determine t(76).
-311
Let v(r) = -r**2 - 1225*r - 24113. Give v(-20).
-13
Let t(h) = -3005*h + 33071. Determine t(11).
16
Let l(j) = -575*j**3 + 4*j**2 - 15*j - 18. Calculate l(-1).
576
Let y(j) = 2*j**3 - 17491*j**2 + 122343*j + 11. Give y(7).
39
Let w(r) = -23*r**3 - 81*r**2 + 41*r - 4. Give w(-4).
8
Let v(t) = 4493864*t + 13481588. Calculate v(-3).
-4
Let u(l) = 313*l**2 - 21*l - 20. What is u(-1)?
314
Let u(m) = -253208*m + 2532109. Calculate u(10).
29
Let d(h) = -8*h**3 + 63*h**2 - 3608*h + 24909. What is d(7)?
-4
Let w(v) = 3*v**3 + 6*v**2 + 60*v + 230. Calculate w(-9).
-2011
Let f(m) = -4393*m + 448067. Determine f(102).
-19
Let n(t) = 1092801*t - 10928013. Determine n(10).
-3
Let n(v) = -v**2 + 837*v - 61256. Give n(81).
-20
Let p(v) = 83371*v - 83327. Give p(1).
44
Let n(f) = 73*f - 8607. Calculate n(115).
-212
Let n(p) = -6*p**3 + 134*p**2 - 178*p + 3012. What is n(22)?
64
Let a(c) = -2*c**3 - 5*c**2 + 649*c + 3020. Determine a(-5).
-100
Let i(d) = d**2 - 555*d - 183053. Give i(-234).
1573
Let v(p) = 3*p**2 - 959*p + 18864